 = 3*q + t, 0 = -8*y + 4*y + q + 386. What is the units digit of y?
6
Suppose 175 = -5*g + 30*g. Suppose -g*w - 1371 + 4738 = 0. What is the units digit of w?
1
Let s = 26 - 112. Let z = s - -87. What is the hundreds digit of (-2 - 3) + 214/z?
2
Suppose -3*p + 31679 = 2*z - 0*z, -3*z = -6*p - 47466. What is the ten thousands digit of z?
1
Let o(a) = 9*a**3 + 8*a**2 + 14*a + 23. What is the hundreds digit of o(10)?
9
Let m be (-20 - (-4 - 0))/((-1)/(-24)). Let g = m + 575. What is the tens digit of g?
9
Suppose -11*g - 29*g + 6*g = -737120. What is the hundreds digit of g?
6
Let a(u) = 343*u**2 + 746*u - 4424. What is the hundreds digit of a(6)?
4
Let f(z) = z**3 + 28*z**2 + 55*z + 82. Let c be f(-26). Suppose -1605 - 1028 = -4*l + 3*i, c*i = 4. What is the tens digit of l?
5
Let f = 3843 - -6125. What is the units digit of f?
8
Let c(y) = -38*y**2 - 2342*y - 104. What is the thousands digit of c(-36)?
4
Let q = 170104 - 108631. What is the ten thousands digit of q?
6
Let k(o) = -10500*o + 1616. What is the thousands digit of k(-3)?
3
Let p(c) = -6626*c**3 - 3*c**2 - 6*c - 2. What is the units digit of p(-1)?
7
Let d = -1470 - -2489. What is the units digit of d?
9
What is the tens digit of 11/2*(87 - (-2 - -9))?
4
Let f(w) = -3*w**3 + 3*w**2 + 23*w + 160. What is the units digit of f(-12)?
0
Suppose -2*z + 18 = 3*v - 4, -2*v + 28 = 3*z. What is the units digit of z/((-8)/3) - -247?
4
Let s = -8 + 7. Let m be (1*(0 - 0) + -111)*s. Let f = m + -27. What is the units digit of f?
4
Suppose -10*x + 64 = 254. Let v(c) = -c**2 - c - 3. Let l be v(5). Let w = x - l. What is the units digit of w?
4
Let v = 14650 + -14043. What is the tens digit of v?
0
Let q = 61 - 58. Suppose d = -5*n + 24, -q*d + 3*n - n = -4. Suppose 2*m = 2*c - 228, -d*m + 496 = 3*c + c. What is the tens digit of c?
1
Let l be 3/12*(0 + -4). Let c be l*2/(-1) - 4 - -15. What is the tens digit of (-6)/(-39) + 882/c?
6
Let m(i) = 3*i**2 - 9. Let a be m(4). Suppose a = -3*q + 9. Let s(g) = 2*g**2 + 9*g - 10. What is the hundreds digit of s(q)?
1
Let o(x) = x**3 + 45*x**2 - 149*x - 134. Let s be o(-48). Suppose 4*f = 5*j - 0*j - 352, -5*j + 328 = 4*f. Let c = s - j. What is the units digit of c?
8
Let b be (-3020)/(-28) - (14/(-2))/49. Suppose 4*y + 82 = -3*s - 0*y, 4*s - 3*y = -126. Let q = b + s. What is the units digit of q?
8
Let v(c) = -1422*c - 231. What is the tens digit of v(-5)?
7
Suppose 6*n - n + 665 = 0. Let l be 3/(-4) + n/(-28). Suppose -p - 2*p + l*j + 129 = 0, 4*p = 2*j + 162. What is the tens digit of p?
3
Suppose 4*h + b - 1 + 0 = 0, 5*h = 3*b - 3. Let i be 2 - ((1 - h - -4) + 0). Let p = 100 + i. What is the tens digit of p?
9
Let b(t) = 13*t**2 - 4*t - 5. Let k be (5 - (4 + -2)) + 0. Suppose -5*r = 5*l, -4*r + 5*l = -k*r + 6. What is the tens digit of b(r)?
1
Let n(t) = -t**3 + 5*t**2 + 7*t + 9. Let j(p) = 8*p**2 + 2*p. Let d be j(-1). Let a be n(d). Suppose 1868 - 323 = a*o. What is the tens digit of o?
0
Suppose 16*i + 20 = 2*p + 14*i, -2*p - i = -17. What is the units digit of (p + -3)*(-3)/6*-281?
3
Let p(b) = -2*b**3 + 141*b**2 - 85*b + 86. What is the units digit of p(69)?
4
Let u be (-504)/(-96) - (-3)/4. Let h(c) = 14*c**2 + 7*c - 51. What is the units digit of h(u)?
5
Suppose 2*k = -i - 6610 + 38669, -k + 3*i = -16012. What is the thousands digit of k?
6
What is the units digit of 2198 + (-21)/(336/416)?
2
Let m = 18760 + -11054. What is the units digit of m?
6
Let d = 3275 + -2297. Suppose -d = -3*u + 732. What is the tens digit of u?
7
Let k(u) be the third derivative of 0*u - 9/2*u**3 + 0 - 30*u**2 + 1/20*u**5 + 2*u**4. What is the units digit of k(-20)?
3
Let l be 5 - 1 - -5 - 1764. Let a = l - -3289. What is the units digit of a?
4
Let g = -9 - -15. What is the units digit of -3 + g/3 + 96?
5
Suppose -2*o + 65*h - 70*h + 28774 = 0, 2*h - 71956 = -5*o. What is the ten thousands digit of o?
1
Let g(s) = 1732*s - 21. Let f be g(3). What is the units digit of (0 + 3/(-9))/((-25)/f)?
9
Suppose 21*w - 4320 = 51*w. Let n = 492 - w. What is the hundreds digit of n?
6
Let r = -196 + 224. Suppose -32*n = -r*n - 2160. What is the tens digit of n?
4
Let r(c) = -c**3 + 7*c**2 + 9*c - 6. Let z be r(8). Suppose -2*v = -2*f + 38, 17*v - 19*v - 22 = z*f. Let w = v + 80. What is the units digit of w?
5
Let k(z) = -z**2 + 12*z + 36. Let u be k(14). Suppose -4*a - 364 = -u*a. What is the units digit of a?
1
Suppose -5*h - 81 = -v - 3*v, -h + 27 = v. Suppose 0*o - o + v = 0. Suppose -o*j + 20*j + 324 = 0. What is the tens digit of j?
8
Let m = 59 + -122. Let x be (3/(-6))/(59/(-7670)). Let p = m + x. What is the units digit of p?
2
Suppose 24 = 2*n - 10. Let m(t) be the third derivative of -t**6/60 + 7*t**5/12 - 7*t**4/12 + 25*t**3/6 - 16*t**2. What is the tens digit of m(n)?
7
Let a(j) = j**3 - 13*j**2 - 14*j + 2. Let v be a(14). Suppose -p - 18 = -v*h, 6*h - 40 = 2*h + 4*p. Suppose -h*x + 660 = -2*x. What is the hundreds digit of x?
1
Let h = 1619 + 15923. What is the thousands digit of h?
7
Suppose 3*l - 19 = -5*k + 5*l, 0 = k + 5*l + 7. Let z be -161 - (-2 + k + -2). Let x = 282 + z. What is the units digit of x?
2
Let d = 961 + -665. Let l = d - 206. Let s = 341 - l. What is the hundreds digit of s?
2
Let a(y) = y**3 - y**2 - y. Let m be a(-3). What is the units digit of (4/(8/(-3)))/(m/1276)?
8
Let w be 3/2 + 3/(-2). Let t(q) = q**3 + q**2 - q + 4. Let l be t(w). Suppose -l*o + 15 = -o, 0 = 2*d - o - 113. What is the tens digit of d?
5
Let l(u) = -u**2 + 7*u - 3. Let o be l(6). Let g be (4 + (-154)/35)*4*-60. Suppose -4*v + 196 = o*r + 47, g = 3*v - 3*r. What is the units digit of v?
5
Let g = -1305 + 2380. Suppose 0 = 5*h - 4*f - 602 - g, -5*h = -f - 1683. What is the units digit of h?
7
Suppose 3*f = 5*g + 2*f - 95, 4*g = -4*f + 76. Suppose 7973 = g*x - 5289. What is the hundreds digit of x?
6
Let o = -190 - -689. Let f = 100 + o. What is the units digit of 2/10 - f/(-5)?
0
Suppose -3*k = f - 2*k - 1094, 3*k - 5472 = -5*f. Suppose -2*y + 1181 = 3*b, -y + 85 = 3*b - f. What is the hundreds digit of b?
3
Suppose -124 = -5*y + 4*f + 114, 0 = 5*y + 3*f - 259. Suppose 3*c - 4*b + y = 6, c = 3*b - 23. What is the hundreds digit of 258/(-4)*c/4?
1
Let h = -114 - -98. What is the units digit of h/(3*760/(-564) - -4)?
6
What is the tens digit of (-3)/((3 - 395676/131894)/(4/(-4)))?
4
Let f(c) = 4*c**2 - 12 - 12*c - c**2 - 3*c**2 + c**2. Let j be f(13). What is the tens digit of 4/(j/52*(-1 + 3))?
0
Let x(d) be the third derivative of -29*d**4/24 - 23*d**3/2 + 18*d**2 + 3*d. What is the units digit of x(-4)?
7
Let k be 1/(3*1/(-2271)). Let x be (-23)/46 + k/(-2). Let c = -259 + x. What is the units digit of c?
9
Let y(t) = 29*t**3 + 6*t + 12. Let m be y(-2). What is the tens digit of (m/28 - -8)*-1631?
6
Let s = -260 - -260. Suppose -3*t + 942 - 258 = s. What is the units digit of t?
8
Suppose 3*w - 114822 = -4*u + 7*u, u = -4*w + 153076. What is the units digit of w?
0
Let h(v) = -5182*v - 73. Let m be h(-2). Suppose 22303 = 43*p - m. What is the tens digit of p?
5
Let d(b) = 2469*b**3 + 4*b**2 - 201*b + 586. What is the ten thousands digit of d(3)?
6
Let j(x) = 37*x + 105*x + 106*x + 3 - 53*x. Suppose 3*p = -14*p + 17. What is the tens digit of j(p)?
9
Suppose 44*d - 128218 - 36988 = -69*d. What is the hundreds digit of d?
4
Suppose -3*z + 6*z = -705. Let h = 2388 + -1898. Let x = h + z. What is the tens digit of x?
5
Suppose 101076 = -250*o + 253*o. What is the ten thousands digit of o?
3
Let x = 106045 - 72503. What is the hundreds digit of x?
5
Let u = 99 + -71. Suppose -u = -4*w - 4*p, -4*w = -9*w - 3*p + 25. Suppose -3*i + 474 = 5*h, 3*i - 477 = -2*h - w*h. What is the tens digit of i?
6
Let b be (84/(-7) - 4)*(-398)/(-4). Let s = -114 - b. What is the tens digit of s?
7
Let r(m) = -2*m**3 + 2*m**2 + m - 1. Let t be r(-1). Let a(o) = 40*o**3 - 2*o**2 + 3. What is the hundreds digit of a(t)?
3
Let f be -3 + (-3*1/3 - -4). Suppose 423*j - 419*j - 1072 = f. What is the tens digit of j?
6
Let q = -10101 - -12473. What is the thousands digit of q?
2
Let m(t) be the second derivative of 101*t**4/12 - 5*t**2/2 + 6*t. Let n be m(2). Suppose 0 = 3*b + 4*b - n. What is the tens digit of b?
5
Let c(j) be the third derivative of 0 + 0*j + 9*j**2 - 7/8*j**4 + 1/2*j**3 + 1/10*